{"id":5533,"date":"2016-03-15T19:59:54","date_gmt":"2016-03-15T17:59:54","guid":{"rendered":"http:\/\/www.diejuniors.com\/?page_id=5533"},"modified":"2018-05-19T09:28:04","modified_gmt":"2018-05-19T07:28:04","slug":"faq-zu-unserer-ausruestung","status":"publish","type":"page","link":"https:\/\/www.diejuniors.com\/?page_id=5533","title":{"rendered":"Ausr\u00fcstung und Musik"},"content":{"rendered":"<h2><strong>FAQ zu unserer Ausr\u00fcstung und Musik:<\/strong><\/h2>\n<p>&nbsp;<\/p>\n<p><strong>Frage: Wie sieht Euer Arbeitsplatz aus?<br \/>\n<\/strong><\/p>\n<ul>\n<li>Unser Videoarbeitsplatz besteht haupts\u00e4chlich aus einem iMac 27 Zoll f\u00fcr den Videoschnitt und die Post Produktion<\/li>\n<li>Dazu noch ein Macbook Pro Retina\u00a013 Zoll f\u00fcr die Materialsichtung, Medienorganisation und Backups auf Reisen<\/li>\n<li>Und au\u00dferdem noch einen Windows 7 PC f\u00fcr Bildbearbeitung und Artikelerstellung<\/li>\n<\/ul>\n<figure id=\"attachment_4489\" aria-describedby=\"caption-attachment-4489\" style=\"width: 480px\" class=\"wp-caption aligncenter\"><a href=\"http:\/\/www.diejuniors.com\/wp-content\/uploads\/2014\/12\/faq-arbeitsplatz.jpg\"><img loading=\"lazy\" decoding=\"async\" class=\"wp-image-4489 size-medium\" src=\"http:\/\/www.diejuniors.com\/wp-content\/uploads\/2014\/12\/faq-arbeitsplatz-480x360.jpg\" alt=\"faq-arbeitsplatz\" width=\"480\" height=\"360\" srcset=\"https:\/\/www.diejuniors.com\/wp-content\/uploads\/2014\/12\/faq-arbeitsplatz-480x360.jpg 480w, https:\/\/www.diejuniors.com\/wp-content\/uploads\/2014\/12\/faq-arbeitsplatz-1024x768.jpg 1024w, https:\/\/www.diejuniors.com\/wp-content\/uploads\/2014\/12\/faq-arbeitsplatz.jpg 1632w\" sizes=\"auto, (max-width: 480px) 100vw, 480px\" \/><\/a><figcaption id=\"caption-attachment-4489\" class=\"wp-caption-text\">Unser Videoschnittplatz (links Macbook Pro, Mitte iMac 27 Zoll mit zweiten Bildschirm im Pivot Modus, rechts die externen Festplatten mit inzwischen 16 Terrabyte Storage)<\/figcaption><\/figure>\n<p>&nbsp;<\/p>\n<p>&nbsp;<\/p>\n<p><strong>Frage: Mit welchen Software bearbeitet Ihr Eure Videos?<\/strong><\/p>\n<p>Bis 2010 (die Reisen Thailand, Vietnam und AIDA Mittelmeer) haben wir AVID Studio sowie Magix Foto auf DVD Deluxe f\u00fcr Windows benutzt. Im Januar 2011 sind wir auf einen Mac umgestiegen und benutzen seitdem Final Cut Pro X (AIDA Silvestertour und die folgenden Reisen).<\/p>\n<figure id=\"attachment_4483\" aria-describedby=\"caption-attachment-4483\" style=\"width: 525px\" class=\"wp-caption aligncenter\"><a href=\"http:\/\/www.diejuniors.com\/wp-content\/uploads\/2014\/12\/faq-fcpx.png\"><img loading=\"lazy\" decoding=\"async\" class=\"wp-image-4483\" src=\"http:\/\/www.diejuniors.com\/wp-content\/uploads\/2014\/12\/faq-fcpx-480x248.png\" alt=\"faq-fcpx\" width=\"525\" height=\"271\" srcset=\"https:\/\/www.diejuniors.com\/wp-content\/uploads\/2014\/12\/faq-fcpx-480x248.png 480w, https:\/\/www.diejuniors.com\/wp-content\/uploads\/2014\/12\/faq-fcpx-1024x529.png 1024w, https:\/\/www.diejuniors.com\/wp-content\/uploads\/2014\/12\/faq-fcpx.png 1280w\" sizes=\"auto, (max-width: 525px) 100vw, 525px\" \/><\/a><figcaption id=\"caption-attachment-4483\" class=\"wp-caption-text\">hier zu sehen die von uns verwendete Videobearbeitungssoftware Final Cut Pro X (Mac OS)<\/figcaption><\/figure>\n<p>&nbsp;<\/p>\n<p>&nbsp;<\/p>\n<p><strong>Frage: Welche Kameraausr\u00fcstung verwendet Ihr?<\/strong><\/p>\n<p>Die Ausr\u00fcstung wechselt relativ h\u00e4ufig. Fast j\u00e4hrlich wird eine Komponente gegen ein aktuelleres Modell ausgetauscht. Insgesamt passen wir die Ausr\u00fcstung nat\u00fcrlich auch dem Reiseziel an. Die aktuelle Ausr\u00fcstung beinhaltet:<\/p>\n<ul>\n<li>Video Hauptkamera:\n<ul>\n<li>Panasonic HC-X929 (seit 2015)<\/li>\n<li>Ersatzweise \/ Zweitkamera: Panasonic HC-V707<\/li>\n<\/ul>\n<\/li>\n<\/ul>\n<ul>\n<li>Unterwasser \/ Aktionaufnahmen \/ Zeitraffer (Foto &amp; Video):\n<ul>\n<li>Go Pro Hero 4 silver (seit 2015)<\/li>\n<li>Go Pro Hero 2 mit Display Pack<\/li>\n<li>Panasonic DMC-TZ 41 mit Tauchergeh\u00e4use Panasonic DMW-MCTZ40<\/li>\n<\/ul>\n<\/li>\n<\/ul>\n<ul>\n<li>Foto:\n<ul>\n<li>Canon EOS 700D mit 18-135mm Objektiv (seit 2016)<\/li>\n<li>Panasonic DMC-TZ 41 (Kompaktkamera)<\/li>\n<li>Panasonic Lumix DMC-FZ100 (Bridgekamera)<\/li>\n<\/ul>\n<\/li>\n<li>Ton:\n<ul>\n<li>Rode SmartLav (Lavaliermikrofone) am iPhone<\/li>\n<li>Rhode Videomic Pro (Richtmikrofon)<\/li>\n<li>Auna MIC-900B (USB Kondensator Studio Mikrofon)<\/li>\n<\/ul>\n<\/li>\n<\/ul>\n<ul>\n<li>Stative (Gewichtsbedingt bleibt davon das meiste Zuhause):\n<ul>\n<li>Joby GorillaPod GP3-01EN SLR-Zoom<\/li>\n<li>POVGEAR Carbon Einbeinstativ (f\u00fcr GoPro Selfies)<\/li>\n<li>Cullmann 2101 Reisestativ<\/li>\n<li>SABA ST50 (massives 200cm Dreibein)<\/li>\n<li>SIRUI T-1204X Carbon Reisestativ<\/li>\n<li>Manfrotto 680B Einbeinstativ<\/li>\n<li>Manfrotto 700RC2 Mini Fluid Videoneiger<\/li>\n<li>Manfrotto MVH500AH Kompakt Fluid Videoneiger<\/li>\n<li>IKEA Eieruhr f\u00fcr Timelapse Aufnahmen<\/li>\n<\/ul>\n<\/li>\n<\/ul>\n<p>&nbsp;<\/p>\n<p><strong>Frage: Wo bekommt Ihr die Musik her?<\/strong><\/p>\n<p>Aus Urheber- und Lizenzrechtlichen Gr\u00fcnden d\u00fcrfen wir keine beliebigen Musiktitel verwenden. Auch bei im Hintergrund der Video-Aufnahme zu h\u00f6renden Musikst\u00fccke m\u00fcssen wir aufpassen, ansonsten werden die Passagen bzw. ganze Videos von Youtube gel\u00f6scht! Als Beispiel daf\u00fcr k\u00f6nnt ihr euch gerne mal das Video von Tobago auf der Silvestertour mit der AIDA anschauen.\u00a0Hier haben wir nur die auf der Party gespielte Musik im Video laufen lassen, und schon hat Youtube hier einen\u00a0&#8222;Lizenzversto\u00df&#8220; festgestellt. Hier hatten wir dann Gl\u00fcck, und die Musik\u00a0wurde nur ein wenig &#8222;runtergedreht&#8220;.\u00a0Bei dem Video mit der Weihnachtsfeier auf\u00a0der AIDAbella wurde eine ganze Musikpassage deswegen gel\u00f6scht. Daher verwenden wir ausschlie\u00dflich Royaltee Free License Musik. Dabei verwenden wir sowohl kostenfreie als auch kostenpflichtige Titel. Hier eine Auswahl unserer Quellen:<\/p>\n<ul>\n<li>Apple iMovie Music (kostenlos)<\/li>\n<li>Apple Final Cut Pro X Jingles (kostenlos)<\/li>\n<li>Smartsound (kommerziell, 99 EUR je Album mit mehreren Titeln)<\/li>\n<li>www.sound-for-media.com (Kommerziell, 10 EUR je Titel)<\/li>\n<li>incompetech.com (kostenlos)<\/li>\n<li>www.ende.tv (kostenlos)<\/li>\n<li>www.hartwigmedia.de (kostenlos f\u00fcr private Projekte)<\/li>\n<li>Youtube Library<\/li>\n<\/ul>\n","protected":false},"excerpt":{"rendered":"<p>FAQ zu unserer Ausr\u00fcstung und Musik: &nbsp; Frage: Wie sieht Euer Arbeitsplatz aus? Unser Videoarbeitsplatz besteht haupts\u00e4chlich aus einem iMac 27 Zoll f\u00fcr den Videoschnitt<\/p>\n","protected":false},"author":1,"featured_media":0,"parent":4370,"menu_order":30,"comment_status":"closed","ping_status":"closed","template":"","meta":{"footnotes":""},"class_list":["post-5533","page","type-page","status-publish","hentry"],"_links":{"self":[{"href":"https:\/\/www.diejuniors.com\/index.php?rest_route=\/wp\/v2\/pages\/5533","targetHints":{"allow":["GET"]}}],"collection":[{"href":"https:\/\/www.diejuniors.com\/index.php?rest_route=\/wp\/v2\/pages"}],"about":[{"href":"https:\/\/www.diejuniors.com\/index.php?rest_route=\/wp\/v2\/types\/page"}],"author":[{"embeddable":true,"href":"https:\/\/www.diejuniors.com\/index.php?rest_route=\/wp\/v2\/users\/1"}],"replies":[{"embeddable":true,"href":"https:\/\/www.diejuniors.com\/index.php?rest_route=%2Fwp%2Fv2%2Fcomments&post=5533"}],"version-history":[{"count":3,"href":"https:\/\/www.diejuniors.com\/index.php?rest_route=\/wp\/v2\/pages\/5533\/revisions"}],"predecessor-version":[{"id":5543,"href":"https:\/\/www.diejuniors.com\/index.php?rest_route=\/wp\/v2\/pages\/5533\/revisions\/5543"}],"up":[{"embeddable":true,"href":"https:\/\/www.diejuniors.com\/index.php?rest_route=\/wp\/v2\/pages\/4370"}],"wp:attachment":[{"href":"https:\/\/www.diejuniors.com\/index.php?rest_route=%2Fwp%2Fv2%2Fmedia&parent=5533"}],"curies":[{"name":"wp","href":"https:\/\/api.w.org\/{rel}","templated":true}]}}

Ausrüstung und Musik

<h2><strong>FAQ zu unserer Ausrüstung und Musik:</strong></h2>
<p>&nbsp;</p>
<p><strong>Frage: Wie sieht Euer Arbeitsplatz aus?<br />
</strong></p>
<ul>
<li>Unser Videoarbeitsplatz besteht hauptsächlich aus einem iMac 27 Zoll für den Videoschnitt und die Post Produktion</li>
<li>Dazu noch ein Macbook Pro Retina 13 Zoll für die Materialsichtung, Medienorganisation und Backups auf Reisen</li>
<li>Und außerdem noch einen Windows 7 PC für Bildbearbeitung und Artikelerstellung</li>
</ul>
<figure id="attachment_4489" aria-describedby="caption-attachment-4489" style="width: 480px" class="wp-caption aligncenter"><a href="http://www.diejuniors.com/wp-content/uploads/2014/12/faq-arbeitsplatz.jpg"><img loading="lazy" decoding="async" class="wp-image-4489 size-medium" src="http://www.diejuniors.com/wp-content/uploads/2014/12/faq-arbeitsplatz-480x360.jpg" alt="faq-arbeitsplatz" width="480" height="360" srcset="https://www.diejuniors.com/wp-content/uploads/2014/12/faq-arbeitsplatz-480x360.jpg 480w, https://www.diejuniors.com/wp-content/uploads/2014/12/faq-arbeitsplatz-1024x768.jpg 1024w, https://www.diejuniors.com/wp-content/uploads/2014/12/faq-arbeitsplatz.jpg 1632w" sizes="auto, (max-width: 480px) 100vw, 480px" /></a><figcaption id="caption-attachment-4489" class="wp-caption-text">Unser Videoschnittplatz (links Macbook Pro, Mitte iMac 27 Zoll mit zweiten Bildschirm im Pivot Modus, rechts die externen Festplatten mit inzwischen 16 Terrabyte Storage)</figcaption></figure>
<p>&nbsp;</p>
<p>&nbsp;</p>
<p><strong>Frage: Mit welchen Software bearbeitet Ihr Eure Videos?</strong></p>
<p>Bis 2010 (die Reisen Thailand, Vietnam und AIDA Mittelmeer) haben wir AVID Studio sowie Magix Foto auf DVD Deluxe für Windows benutzt. Im Januar 2011 sind wir auf einen Mac umgestiegen und benutzen seitdem Final Cut Pro X (AIDA Silvestertour und die folgenden Reisen).</p>
<figure id="attachment_4483" aria-describedby="caption-attachment-4483" style="width: 525px" class="wp-caption aligncenter"><a href="http://www.diejuniors.com/wp-content/uploads/2014/12/faq-fcpx.png"><img loading="lazy" decoding="async" class="wp-image-4483" src="http://www.diejuniors.com/wp-content/uploads/2014/12/faq-fcpx-480x248.png" alt="faq-fcpx" width="525" height="271" srcset="https://www.diejuniors.com/wp-content/uploads/2014/12/faq-fcpx-480x248.png 480w, https://www.diejuniors.com/wp-content/uploads/2014/12/faq-fcpx-1024x529.png 1024w, https://www.diejuniors.com/wp-content/uploads/2014/12/faq-fcpx.png 1280w" sizes="auto, (max-width: 525px) 100vw, 525px" /></a><figcaption id="caption-attachment-4483" class="wp-caption-text">hier zu sehen die von uns verwendete Videobearbeitungssoftware Final Cut Pro X (Mac OS)</figcaption></figure>
<p>&nbsp;</p>
<p>&nbsp;</p>
<p><strong>Frage: Welche Kameraausrüstung verwendet Ihr?</strong></p>
<p>Die Ausrüstung wechselt relativ häufig. Fast jährlich wird eine Komponente gegen ein aktuelleres Modell ausgetauscht. Insgesamt passen wir die Ausrüstung natürlich auch dem Reiseziel an. Die aktuelle Ausrüstung beinhaltet:</p>
<ul>
<li>Video Hauptkamera:
<ul>
<li>Panasonic HC-X929 (seit 2015)</li>
<li>Ersatzweise / Zweitkamera: Panasonic HC-V707</li>
</ul>
</li>
</ul>
<ul>
<li>Unterwasser / Aktionaufnahmen / Zeitraffer (Foto &amp; Video):
<ul>
<li>Go Pro Hero 4 silver (seit 2015)</li>
<li>Go Pro Hero 2 mit Display Pack</li>
<li>Panasonic DMC-TZ 41 mit Tauchergehäuse Panasonic DMW-MCTZ40</li>
</ul>
</li>
</ul>
<ul>
<li>Foto:
<ul>
<li>Canon EOS 700D mit 18-135mm Objektiv (seit 2016)</li>
<li>Panasonic DMC-TZ 41 (Kompaktkamera)</li>
<li>Panasonic Lumix DMC-FZ100 (Bridgekamera)</li>
</ul>
</li>
<li>Ton:
<ul>
<li>Rode SmartLav (Lavaliermikrofone) am iPhone</li>
<li>Rhode Videomic Pro (Richtmikrofon)</li>
<li>Auna MIC-900B (USB Kondensator Studio Mikrofon)</li>
</ul>
</li>
</ul>
<ul>
<li>Stative (Gewichtsbedingt bleibt davon das meiste Zuhause):
<ul>
<li>Joby GorillaPod GP3-01EN SLR-Zoom</li>
<li>POVGEAR Carbon Einbeinstativ (für GoPro Selfies)</li>
<li>Cullmann 2101 Reisestativ</li>
<li>SABA ST50 (massives 200cm Dreibein)</li>
<li>SIRUI T-1204X Carbon Reisestativ</li>
<li>Manfrotto 680B Einbeinstativ</li>
<li>Manfrotto 700RC2 Mini Fluid Videoneiger</li>
<li>Manfrotto MVH500AH Kompakt Fluid Videoneiger</li>
<li>IKEA Eieruhr für Timelapse Aufnahmen</li>
</ul>
</li>
</ul>
<p>&nbsp;</p>
<p><strong>Frage: Wo bekommt Ihr die Musik her?</strong></p>
<p>Aus Urheber- und Lizenzrechtlichen Gründen dürfen wir keine beliebigen Musiktitel verwenden. Auch bei im Hintergrund der Video-Aufnahme zu hörenden Musikstücke müssen wir aufpassen, ansonsten werden die Passagen bzw. ganze Videos von Youtube gelöscht! Als Beispiel dafür könnt ihr euch gerne mal das Video von Tobago auf der Silvestertour mit der AIDA anschauen. Hier haben wir nur die auf der Party gespielte Musik im Video laufen lassen, und schon hat Youtube hier einen &#8222;Lizenzverstoß&#8220; festgestellt. Hier hatten wir dann Glück, und die Musik wurde nur ein wenig &#8222;runtergedreht&#8220;. Bei dem Video mit der Weihnachtsfeier auf der AIDAbella wurde eine ganze Musikpassage deswegen gelöscht. Daher verwenden wir ausschließlich Royaltee Free License Musik. Dabei verwenden wir sowohl kostenfreie als auch kostenpflichtige Titel. Hier eine Auswahl unserer Quellen:</p>
<ul>
<li>Apple iMovie Music (kostenlos)</li>
<li>Apple Final Cut Pro X Jingles (kostenlos)</li>
<li>Smartsound (kommerziell, 99 EUR je Album mit mehreren Titeln)</li>
<li>www.sound-for-media.com (Kommerziell, 10 EUR je Titel)</li>
<li>incompetech.com (kostenlos)</li>
<li>www.ende.tv (kostenlos)</li>
<li>www.hartwigmedia.de (kostenlos für private Projekte)</li>
<li>Youtube Library</li>
</ul>

<p>FAQ zu unserer Ausrüstung und Musik: &nbsp; Frage: Wie sieht Euer Arbeitsplatz aus? Unser Videoarbeitsplatz besteht hauptsächlich aus einem iMac 27 Zoll für den Videoschnitt</p>
